 9861 - 5226. What are the prime factors of g?
3, 5, 103
Suppose 16*r - 106*r = -35*r - 936870. What are the prime factors of r?
2, 3, 17, 167
Suppose -45*j = -617102 - 511318. List the prime factors of j.
2, 6269
Let d(z) = -1397*z - 1548. List the prime factors of d(-8).
2, 29, 83
Suppose -5*q + 4 = 4*i - 27, -5*q + 3 = -3*i. Let f = -865 - -865. Suppose -2*z - l - q*l + 74 = f, 3*l = 5*z - 198. List the prime factors of z.
3, 13
Let w(l) = l**3 + 7*l**2 + 10*l + 4. Let n be w(-5). Let t(b) = -n*b - 8*b + 258 - 251. List the prime factors of t(-4).
5, 11
List the prime factors of 64/(-60)*-35*192.
2, 7
Suppose -4*b + 31 - 19 = 0. Suppose 76 = -b*s + 160. What are the prime factors of (-537)/(-4) + -4 + 105/s?
2, 67
Let z(d) = -d**3 + 34*d**2 + 40*d - 174. List the prime factors of z(29).
29, 179
Suppose -39*o + 38*o = k + 2581, 0 = 5*o - k + 12935. Suppose 5*g + 5 = -5*h - 0, -g + 4*h + 9 = 0. List the prime factors of o/(-12) - g/(-2).
2, 3
Let b(u) = 297*u**2 - 2*u - 38. List the prime factors of b(-3).
19, 139
Let j = -147 + 230. Let m = j - 42. Let s = m - 15. List the prime factors of s.
2, 13
Let d = 5365 + -4614. What are the prime factors of d?
751
Let r(t) = t**2 - t + 3. Let w be r(0). Suppose w*j - 21 + 6 = 0. Suppose -151 = -2*y + j*q, 50 = 2*y - 4*q - 98. What are the prime factors of y?
2, 17
Let s(t) = 4*t - 24. Suppose 0*m + 4 = -2*w + 4*m, 4*m - 40 = -4*w. Let p be s(w). Suppose -n - 7 + 64 = p. List the prime factors of n.
3, 19
Let g(c) = -13*c**2 - 18*c - 3. Let h(s) = -13*s**2 - 18*s - 5. Let k(u) = 5*g(u) - 6*h(u). List the prime factors of k(7).
2, 389
Let s(w) = -2*w + 60. Let o be s(29). Suppose -5*h + h + 340 = o*r, 0 = -4*h + 5*r + 340. List the prime factors of h.
5, 17
Let v be (-1)/2 - (1/(-2) + -13). Suppose 1636 = -v*m + 21448. What are the prime factors of m?
2, 3, 127
Suppose -2*q - 5*u = -138, 0*u - 266 = -4*q - 5*u. Suppose -3*d = -2*d - q. Suppose -h + d = -61. What are the prime factors of h?
5
Suppose -12*q - 470324 = -11*h - 15*q, -3*q - 171031 = -4*h. What are the prime factors of h?
11, 13, 23
Let t(i) = -2*i + 17. Let k = 34 - 27. Let b be t(k). List the prime factors of -1 + (b + 0 - -27).
29
Let v(g) = g**2 + 7*g + 4. Let b be v(-7). Let p be 1/(3/b)*(-33)/(-22). List the prime factors of (-4)/(-6) + (p - (-1036)/12).
89
Suppose -22*i + 29*i = 19*i - 164748. What are the prime factors of i?
13729
Let j = 674 + -382. Let g = j + -427. Let v = g + 358. List the prime factors of v.
223
Let f(p) = 5*p + 1 + 2*p - 8*p. Let z be f(-4). Suppose 0 = h + 5*a - 33, 2*h - h - z*a = 13. List the prime factors of h.
23
Suppose -13*x - 38*x + 27*x = -333480. What are the prime factors of x?
5, 7, 397
Suppose 7*a - 473 - 885 = 0. Suppose 4*m - 352 = 3*h, 2*m - 4*h = -7*h + a. Let c = m - 49. What are the prime factors of c?
2, 3, 7
Suppose -4*b - 663 = -3*h - b, -2*h + 448 = b. Let x(v) = 0*v**3 + 22*v**3 - h*v**2 - v + 225*v**2 + 0*v. List the prime factors of x(2).
2, 7, 13
Let u(w) = -24*w + 113. Let c be u(5). What are the prime factors of (-1035)/((c + 6)*1)?
3, 5, 23
Suppose 383*a + 8105 = 388*a. List the prime factors of a.
1621
Let s(o) = -o**3 - 5*o**2 - 8*o - 3. Let y be s(-5). Suppose 0 = -y*w + 3193 + 1173. List the prime factors of w.
2, 59
Let f = -12954 + 21382. What are the prime factors of f?
2, 7, 43
Let m(o) = -o**3 + 11*o**2 + 47*o - 243. What are the prime factors of m(-22)?
5, 2939
Suppose 4*u - 2*k - 5990 = 0, 1484 = u + 170*k - 175*k. What are the prime factors of u?
1499
Let d(n) = 3*n**3 + 11*n**2 + 2*n - 5. Let p(x) = x**3 + x**2 + 1. Let g(u) = d(u) - 4*p(u). Let r be g(7). List the prime factors of 961/5 + r/(-25)*1.
2, 3
Let w(d) = 16*d**3 - 7*d**2 - 8*d + 13. What are the prime factors of w(6)?
3169
Suppose 97*p - 58*p = 91*p - 2033772. List the prime factors of p.
3, 13037
Suppose 178*r - 15266601 = 5*r - 106*r. List the prime factors of r.
7, 7817
Suppose -4*t - 2*k = -55956, -1216*t = -1221*t - 2*k + 69944. What are the prime factors of t?
2, 13, 269
Suppose 4*p - 46 + 14 = 3*i, 4*p + 3*i - 32 = 0. Let f(k) = 88*k + 322. List the prime factors of f(p).
2, 3, 19
Let z be (1 + -6)*((-108)/45)/(-4). What are the prime factors of (-2)/z*(-68562)/(-52)?
3, 293
Let m be (-2 + 0 - -2) + (1174 - -14). Suppose 3*z + m = 3*y + 4*z, z - 398 = -y. List the prime factors of y.
5, 79
Let k be (-754)/(-87) + (-2)/3. Suppose k*m + 769 + 735 = 0. Let f = -124 - m. What are the prime factors of f?
2
Let p(o) = -120*o - 393. Let h(n) = 18*n + 56. Let g(d) = -27*h(d) - 4*p(d). List the prime factors of g(-11).
2, 3, 7
Let j(t) = -8*t - 1. Let m be j(-1). Let p(f) = 11*f**2 - 5*f + m*f - 11 + 3*f + 2*f + f**3. What are the prime factors of p(-7)?
2, 17
Let w be -4 + (-36)/(-6) + 2. Let a(u) = -23*u + 5. Let b(n) = -47*n + 11. Let o(h) = -5*a(h) + 2*b(h). List the prime factors of o(w).
3
Let j(f) = -1246*f + 1655. What are the prime factors of j(-14)?
71, 269
Suppose -57*b + 3*u + 8979 = -54*b, 4*u - 12004 = -4*b. What are the prime factors of b?
3, 37
Let b be 1*((-25)/(-15))/((-3)/(-9)). Suppose -4729 = -4*j - 3*c, b*j + 0*j = 2*c + 5894. What are the prime factors of j?
2, 5, 59
Suppose -k = 4*g - 51, -2*k - 30 + 77 = -3*g. Let f = k + -39. What are the prime factors of f + 7 + 1 + (1 - -79)?
2, 5
Suppose -4*x = -h + 15, -2*h + 0*x + 12 = -2*x. Suppose -1 = -3*d + 5. Suppose -d*w + 2 = h*a, 0*w - w + 8 = -2*a. What are the prime factors of w?
2
Let n = -12 + 6. Let l = n - -8. Suppose 4*i - 12 = 0, l*d = -5*i + i + 170. What are the prime factors of d?
79
Let a be (-3 + 1)*5*(-2)/(-5). Let v be a/6*13848/(-16). Suppose 3*w + 6 = -9, v = 3*m + 4*w. List the prime factors of m.
199
Let q be (14/105 + (-428)/60)*-86. Suppose 2383 = 5*c - q. What are the prime factors of c?
3, 199
Suppose -2*z + 3*z + 2*c = -4, -2*z - 3*c = 5. Let d(o) = -o + z - 2*o**2 - 12*o**3 + 0 + 8*o**3. What are the prime factors of d(-3)?
5, 19
Suppose -18*p = s - 14*p + 4, -41 = -4*s + 3*p. Suppose s*d - 3342 - 1714 = 0. List the prime factors of d.
2, 79
Let u(n) = 3*n - 29. Suppose -3*s = -b - 34, 4*s - 3*s = -b + 10. Let v be u(s). Suppose 5*x - 75 = 5*k, 2*x - v*k - 41 = -x. What are the prime factors of x?
19
Let w be 119 - -7*(-3)/7. Suppose -3477 = -3*v - 4*p, 3569 = 3*v - 4*p + w. What are the prime factors of v?
3, 5, 7, 11
Let c(i) = -i + 3. Let o be c(-2). Let g(k) = -11*k - 3. Let l be g(o). Let f = -23 - l. What are the prime factors of f?
5, 7
Suppose 0 = 63*b - 48951 - 112329. List the prime factors of b.
2, 5
Suppose 3*i - 3*g = -9, g = 4*i - 2*g + 13. Let b(a) = a**2 + 4*a + 4. Let x be b(i). Suppose 2*p - 59 = -m - 2, x*p = -m + 51. What are the prime factors of m?
3, 7
Suppose 1168*x = 1171*x + 60. Let a = 493 + x. List the prime factors of a.
11, 43
Suppose -2484 = -2*y + 376. Suppose 4*p - y = -2*v, -445 = 3*p + v - 1516. List the prime factors of p.
2, 89
Suppose -24*g = 5*g - 49126. List the prime factors of g.
2, 7, 11
Let z be -4 - (-3)/6*(1 - 1). Let o be (-2)/z*(0 - 228). Let w = o - -165. What are the prime factors of w?
3, 17
Let g be (-1)/((-3)/(-5))*(-5 + 2). Let c = -16 + 11. List the prime factors of c/(g/(-142)) + -1.
3, 47
Suppose -987 = -4*n + 5*s, -483 = -5*n + 3*s + 741. Suppose 0 = -2*a + 279 + n. Let f = a - 131. List the prime factors of f.
2, 5, 13
What are the prime factors of (-13289886)/(-486) - 20/45?
3, 5, 1823
Let b = 109 - 111. Let w be b/13 + (-97044)/(-78) + 4. Suppose 11*c = w + 1403. What are the prime factors of c?
241
Suppose -77*k + 153757 = -454235. What are the prime factors of k?
2, 3, 7, 47
Suppose -3*d = -d - 14. Let k be 635/d + (-6)/(-21). Suppose -2*m - 17 = -k. What are the prime factors of m?
37
Let a be 0/((-5)/(5/2)). Let w(v) = 3*v + 64. Let o be w(-20). Suppose 576 = o*l + 4*x + 196, -2*x + 10 = a. List the prime factors of l.
2, 3, 5
Suppose 36 = -2*w + 5*w. Suppose 17*p = w*p + 2125. Suppose 0*h - 5*h + p = 0. List the prime factors of h.
5, 17
Suppose -13185169 = -268*v + 21*v + 5327481. List the prime factors of v.
2, 5, 1499
Suppose 0 = 15963*s - 15962*s - 3317. What are the prime factors of s?
31, 107
Let l be (9/(-4))/((-66)/440). Let z be (-18)/(-4)*(l - 11). Let r = z + 40. List the prime factors of r.
2, 29
Let l = 428 - 397. Suppose 0 = l*j